s 3287420957 a prime number?
True
Is 131697122461 a prime number?
False
Is 1303233679 a prime number?
False
Is 757330741 prime?
True
Is 754789549 a composite number?
True
Is 2428479841 a composite number?
False
Is 4818558367 a prime number?
False
Is 408355313 prime?
True
Is 3490677327 composite?
True
Is 9868767499 a composite number?
False
Is 22282952693 prime?
False
Is 2566355629 a composite number?
False
Is 14961029383 a prime number?
False
Is 1618222867 a composite number?
False
Is 1694464243 composite?
True
Is 689376343 a prime number?
False
Is 520701898 prime?
False
Is 5372552173 a composite number?
False
Is 1452337933 a prime number?
True
Is 729427333 prime?
True
Is 1329533789 composite?
True
Is 8980727 a prime number?
False
Is 18867485731 composite?
False
Is 61349104429 prime?
True
Is 66735407 prime?
True
Is 23580114047 a prime number?
False
Is 9932657353 a composite number?
True
Is 121099219 a prime number?
True
Is 178297465397 a prime number?
False
Is 1292519119 prime?
False
Is 58142957 prime?
True
Is 39456788203 prime?
False
Is 58997803313 a prime number?
False
Is 8475847 prime?
False
Is 1993666343 a composite number?
False
Is 7532023623 composite?
True
Is 21897128881 prime?
True
Is 317710073 a prime number?
False
Is 53559562453 a composite number?
False
Is 928195637 composite?
False
Is 10275450187 prime?
False
Is 607775213 a prime number?
True
Is 431824747 a composite number?
True
Is 27898501901 prime?
False
Is 111553214987 a prime number?
True
Is 351621857 prime?
True
Is 7474230097 composite?
False
Is 350242033 a prime number?
True
Is 566521427 a composite number?
True
Is 12036466303 composite?
True
Is 20934441607 a composite number?
True
Is 8010432394 a prime number?
False
Is 2333766319 a composite number?
True
Is 15218442773 composite?
True
Is 213436337 a composite number?
False
Is 1698295679 a composite number?
True
Is 2572322387 a prime number?
True
Is 15657788621 composite?
False
Is 164918612231 composite?
False
Is 1357538027 a prime number?
True
Is 1969453633 a prime number?
False
Is 138709037 composite?
True
Is 14050874693 composite?
False
Is 17209550587 a prime number?
True
Is 4806735481 a prime number?
True
Is 296256923 a composite number?
False
Is 59952960491 composite?
True
Is 5683742131 prime?
True
Is 15051377821 a composite number?
False
Is 59213111 prime?
True
Is 10292414299 a prime number?
False
Is 143507046967 a composite number?
False
Is 669983503 prime?
False
Is 24535467643 a prime number?
False
Is 167287987 a prime number?
False
Is 19238670863 a prime number?
False
Is 3461697671 a composite number?
True
Is 6411745255 a composite number?
True
Is 2742355933 a composite number?
False
Is 46892588273 composite?
False
Is 17217412697 a composite number?
False
Is 2404241621 a prime number?
True
Is 37499044207 a composite number?
False
Is 29843253743 composite?
False
Is 80126262779 prime?
True
Is 16638737921 prime?
False
Is 2373430931 prime?
True
Is 40194700445 prime?
False
Is 5368687603 composite?
False
Is 92429112647 prime?
True
Is 832749649 composite?
True
Is 638430029 composite?
False
Is 21483220021 composite?
True
Is 1190237233 a prime number?
True
Is 28016611001 a composite number?
False
Is 1424585411 prime?
True
Is 281553202573 a composite number?
False
Is 1599281197 a composite number?
False
Is 26165143469 composite?
False
Is 1024346443 a prime number?
False
Is 4029303907 composite?
True
Is 382274953 prime?
False
Is 6475444061 a prime number?
True
Is 28242151183 a prime number?
True
Is 3865584299 a prime number?
True
Is 1355412953 prime?
True
Is 8419337867 prime?
False
Is 260646439879 composite?
True
Is 1578190447 a composite number?
False
Is 19766959819 composite?
False
Is 976825799 a composite number?
False
Is 2739615787 prime?
True
Is 19681351 a prime number?
False
Is 13206601 a composite number?
False
Is 412166539177 a prime number?
True
Is 119123596417 a prime number?
False
Is 7352478703 prime?
True
Is 1805234461 prime?
True
Is 22276941823 a prime number?
False
Is 66408389 a composite number?
False
Is 37482667003 composite?
False
Is 9784677431 a prime number?
False
Is 11384666581 composite?
False
Is 32439528167 prime?
True
Is 4916473939 composite?
True
Is 52461384149 composite?
True
Is 1634759519 prime?
True
Is 9103400177 prime?
False
Is 665305469 prime?
True
Is 804911183 composite?
False
Is 1272753473 composite?
True
Is 5974381639 a composite number?
True
Is 1840159042 a composite number?
True
Is 544089991 composite?
True
Is 378283177 prime?
False
Is 23852017537 a prime number?
False
Is 69339817201 a prime number?
False
Is 432962539 prime?
False
Is 2425344557 prime?
True
Is 2158039909 composite?
False
Is 44681516879 prime?
False
Is 108020002813 prime?
True
Is 6702989869 prime?
True
Is 34027426723 a prime number?
True
Is 306185227 a composite number?
False
Is 40672923331 a prime number?
False
Is 323941829 prime?
True
Is 5625569309 composite?
False
Is 1410706993 a prime number?
True
Is 14294239 composite?
False
Is 15844998943 prime?
False
Is 15207837149 prime?
True
Is 140403719 a composite number?
False
Is 8691485239 a composite number?
False
Is 8010301457 composite?
False
Is 45932730289 a composite number?
True
Is 126924251 prime?
True
Is 4230947501 prime?
False
Is 660908441 prime?
True
Is 591808691 a prime number?
True
Is 30000157259 composite?
True
Is 3068261927 prime?
True
Is 900932041 prime?
True
Is 4462807669 a prime number?
True
Is 7809146845 prime?
False
Is 7055600023 a composite number?
True
Is 260991473 prime?
True
Is 2342628887 prime?
True
Is 73211134987 composite?
True
Is 30235463 composite?
True
Is 119738896043 composite?
True
Is 4547318501 composite?
True
Is 4375138171 a prime number?
True
Is 2176046081 a composite number?
True
Is 10417590479 composite?
False
Is 34419581827 prime?
False
Is 876729107 a composite number?
True
Is 320980969 prime?
True
Is 11351371901 a prime number?
False
Is 174598393 a prime number?
True
Is 20978511661 composite?
False
Is 2755486453 prime?
True
Is 243410883887 a prime number?
False
Is 6123848254 a composite number?
True
Is 25087183769 a prime number?
True
Is 54639766469 prime?
True
Is 33585181 a prime number?
False
Is 781435955 a prime number?
False
Is 18061129981 prime?
True
Is 2580015701 a prime number?
False
Is 51844699 composite?
True
Is 4462163627 a composite number?
False
Is 2067518909 composite?
True
Is 88962849177 a prime number?
False
Is 10351213 composite?
True
Is 3424331242 a composite number?
True
Is 4769129473 a prime number?
True
Is 12526845031 a composite number?
False
Is 5086620859 composite?
True
Is 81252199069 a prime number?
True
Is 719936637461 a composite number?
False
Is 40421434159 composite?
True
Is 6207172369 a prime number?
True
Is 677508233 a composite number?
True
Is 209790859 a prime number?
True
Is 152805383 a composite number?
False
Is 2230716949 a composite number?
False
Is 339867217 prime?
False
Is 8649945077 prime?
True
Is 365121683 a composite number?
False
Is 29017124467 a prime number?
False
Is 2451910283 a composite number?
True
Is 1225806563 a composite number?
True
Is 86268433729 composite?
False
Is 43010928082 a prime number?
False
Is 1828724173 a composite number?
False
Is 2400038689 composite?
True
Is 72882472567 a composite number?
True
Is 1616236499 prime?
False
Is 6255156469 a composite number?
True
Is 949988789 a prime number?
True
Is 2806802989 composite?
False
Is 189879373 composite?
True
Is 4478758769 a prime number?
True
Is 973202549 composite?
True
Is 4217727401 prime?
True
Is 116177914961 a composite number?
False
Is 5339801731 a prime number?
False
Is 8410699901 prime?
False
Is 1405677167 composite?
True
Is 2111388999 a prime number?
False
Is 432067541 prime?
True
Is 4558899889 a composite number?
True
Is 1770938927 a composite number?
True
Is 1097183939 a composite number?
False
Is 719796263 a composite number?
False
Is 52836943465 a prime number?
False
Is 76434323023 prime?
False
Is 1010566049 a prime number?
False
Is 1766846387 a prime number?
False
Is 294027977 composite?
False
Is 251388499 a prime number?
False
Is 19986296819 a composite number?
False
Is 13724512663 a prime number?
True
Is 632595143 a prime number?
False
Is 16693843645 a composite number?
True
Is 4359034607 prime?
True
Is 9011914921 a c